 -126 + 128. Suppose 244 = 3*n - i*n - x, 992 = 4*n + 4*x. What is the hundreds digit of n?
2
Let m = 6251 + 890. What is the units digit of m?
1
Suppose -3*h - h + 1324 = 0. Let c = 674 - h. What is the tens digit of c?
4
Let z = -8 + 47. Let y = z + -39. Let n = 25 - y. What is the tens digit of n?
2
Let d(l) = l**3 + 10*l**2 - 21. Let i = -49 + 55. Let m be (-2)/i + (-234)/27. What is the tens digit of d(m)?
6
What is the units digit of (35 - 36) + (4538 - 4)/1?
3
Let b = 1783 - -937. What is the tens digit of b?
2
Let o(p) = -883*p - 405. What is the units digit of o(-23)?
4
Let j = 9606 + -628. What is the thousands digit of j?
8
Let n(t) = t**3 + 3*t**2 - 3*t - 2. Let g be n(-4). Let x be 12/9*9/g - -2. Suppose x = -c - 0 + 25. What is the units digit of c?
5
What is the thousands digit of 7 - (846/27)/(6/(-603))?
3
Suppose 3*n + 15231 = 4*u, 23*n - 15206 = -4*u + 21*n. What is the tens digit of u?
0
Let j be 1293284/76 + (-14)/(-133). What is the tens digit of 2*j/(-34)*(-3)/7?
2
Suppose 10 = -4*v + 14*v. Suppose c - 85 = -5*m, -m - v = -3*c - 2. What is the units digit of m?
6
Suppose 0 = 4*p - 3058 - 586. Let h = 242 - 298. What is the hundreds digit of p/9 - (h/(-9) - 6)?
1
Let l(h) be the second derivative of -h**5/20 + 5*h**4/6 - h**3 - 5*h**2 - 12*h. Let n be l(6). What is the units digit of n/6 - 2/6?
6
Let l(h) = -3*h - 3. Let n be l(-1). Suppose n*x - 26 = 4*x - 2*f, -2*x + 2 = 4*f. What is the tens digit of (30/4*(x + -25))/(-1)?
2
What is the units digit of (-102)/17 - -15796 - -10?
0
Let p(g) = 32*g - 66. Let o = -186 - -208. What is the hundreds digit of p(o)?
6
Let o be 8/144*8 - 14/(-9). Suppose -3265 = p - 6*p - 5*r, o*p = 3*r + 1326. What is the hundreds digit of p?
6
Let o = -410 + 412. Suppose 713 = 5*l + 3*b - 7*b, -5*b = -o*l + 292. What is the hundreds digit of l?
1
Let s = 12588 - 4392. What is the units digit of s?
6
Suppose -20*a - 3600 = -66920. What is the hundreds digit of a?
1
Let c be 2 + 1 - (1 - 0). Suppose 6*w - w - 5*g = 10, 0 = 4*w + 5*g + 10. Suppose w = 4*b - 2*u - 562, -425 = -3*b - c*u - 0*u. What is the units digit of b?
1
Suppose 24*r + 38*r = 12*r. Suppose r*s = -4*c + 4*s + 4592, 4 = -s. What is the thousands digit of c?
1
Let m = -563 + 1129. Let l = -348 + m. What is the units digit of l?
8
Let y be 5*(158 - (5 + -4)). Let n = -608 + y. What is the hundreds digit of n?
1
Let q(k) = -16*k + 153. Let p be q(8). Suppose 63 = n - 5*u, -28*u = 5*n - p*u - 175. What is the tens digit of n?
3
What is the tens digit of (5 + 3 - -36797) + 15?
2
Suppose -3 = 10*n - 9*n - 3*f, 4*f - 8 = 0. Suppose -n*b + 4*b - 775 = -5*o, -5*b + 333 = 2*o. What is the units digit of o?
4
Suppose 11*o - 137373 = 110688. What is the tens digit of o?
5
Let c(s) be the second derivative of 19*s**4/12 - s**3/6 - 229*s**2/2 - 110*s. What is the hundreds digit of c(-11)?
0
Let a(s) = -s**3 + 8*s**2 - 12*s + 20. Let f be a(8). Let m = 126 + f. Suppose -4*d + m = -2*k, -2*d - 4*k + 16 = -24. What is the tens digit of d?
1
Let t be (4/(-6))/(10/165). Let l be (1*t - -1)/((-28)/350). Suppose 5*g = 6*g - l. What is the tens digit of g?
2
Let r be -10 + (-3)/((-15)/(-20)). Let t be 1 + 0 - 42/r. Suppose 0*o = -t*o - 2*d + 640, 5*o - d - 786 = 0. What is the hundreds digit of o?
1
Let i(f) = f**3 - 2*f**2 - f - 1. Let n(d) = -28*d**3 - 10*d**2 - 11*d - 7. Let a(c) = -5*i(c) + n(c). What is the hundreds digit of a(-2)?
2
Let u = -55 + 56. What is the units digit of (u + (0 - -4))/((-19)/(-456))?
0
Let u(l) = l**3 - 8*l**2 - 22*l - 6. Let q be u(11). Suppose -2*g - q = -g - i, 0 = -2*g + 3*i - 233. Let x = -77 - g. What is the units digit of x?
5
Let b(h) = h**3 + 7*h**2 + h - 4. Let j be b(-7). Let p be -4 + ((-3)/1 - j). Suppose 9*d - 180 = p*d. What is the units digit of d?
6
Let d(y) = 87*y**2 + 11*y - 30. Let o be d(3). Let w = o - 230. What is the tens digit of w?
5
Suppose 40 = 9*t - 14. Let l(d) = -22 + t*d**2 - 3*d + 9 + 4 + 2*d. What is the tens digit of l(5)?
3
Let c(d) = d**3 - 5*d**2 - 7*d - 1. Let a be c(7). Let f = -54 + a. What is the tens digit of (140/(-6))/(f/(2 - -16))?
7
Let i = 608 - -1942. Suppose 8*s - 1482 = i. What is the hundreds digit of s?
5
Let u(r) = 0*r - 7*r**3 + 11*r - r**2 - 2 - 11*r. What is the hundreds digit of u(-3)?
1
Suppose -4*r - 2*b + 16 = 3*b, -5*r + 20 = -5*b. Suppose -7*l - 815 = -5*w - 9*l, 0 = -r*w - 4*l + 664. What is the hundreds digit of w?
1
Let k = -6010 - -7315. What is the hundreds digit of k?
3
Suppose -2881 = -4*t + 911. What is the tens digit of t?
4
Let h(s) = s**2 + 2*s - 6. Let v be h(2). Suppose -2*c + 12 = v*c, 3*p = -2*c - 18. Let z = p - -41. What is the tens digit of z?
3
Let g = 6758 + -3668. What is the tens digit of g?
9
Suppose -11*a = -15*a - 84. Let z = 3 - -4. What is the units digit of (-1608)/a - (-3)/z?
7
Suppose 526183 + 535118 = 61*q - 1139213. What is the ten thousands digit of q?
3
Let h(f) = 4*f**2 - 8*f + 7. Let t = -28 - -27. Let a = t - -7. What is the units digit of h(a)?
3
Let c = -314 + 161. Let l = c + 312. Let b = l + 39. What is the hundreds digit of b?
1
Suppose -576*g + 530*g + 1333126 = 0. What is the tens digit of g?
8
Let c = 14944 - 10013. What is the thousands digit of c?
4
Let d(o) = -o**3 - 7*o**2 + 6*o - 8. Let l be 3/(-6)*-16*-1. Let b be d(l). Suppose 2*r + 840 = b*r. What is the tens digit of r?
4
Let f = -515 + 519. Suppose -5*c - 4*v = -476 + 114, f = -2*v. What is the tens digit of c?
7
Let d(y) be the second derivative of -3/4*y**4 + y**3 - 1/20*y**5 - 2*y + 0 - 1/2*y**2. What is the units digit of d(-10)?
9
Let o = -550 + 332. Let n = 258 + 106. Let k = n + o. What is the units digit of k?
6
Suppose 4*t = 2*t + 500. Let u be -8 - 6*(-6 - -5). What is the units digit of (-1)/u*4*t/4?
5
Suppose 0 = 14*v - v - 52. Suppose -b + v*b + 201 = 3*n, -b + 137 = 2*n. What is the tens digit of n?
6
Let w = -27914 - -51635. What is the tens digit of w?
2
Let u(o) = 13 - o**3 - 10 - 14*o + 21*o**2 - 37. What is the units digit of u(19)?
2
Let r = -171 + 176. Suppose -u = r*c - 225, -c = 2*u - u - 241. What is the tens digit of u?
4
Let v(k) = 41*k**2 + 135*k - 1086. What is the units digit of v(39)?
0
Suppose -a + 4*s - 21 = 0, 0*a + 78 = -3*a - 3*s. Let q be ((-30)/a)/((-15)/(-50)). Suppose -3*w - q*w + 539 = 0. What is the units digit of w?
7
Let q(b) be the second derivative of 5*b**4/4 - 4*b**3 - 2*b**2 + 26*b. Let l(c) be the first derivative of q(c). What is the tens digit of l(9)?
4
Suppose 0 = 48*o - 100*o + 95524. What is the thousands digit of o?
1
Suppose -8810 = -23*o + 5381. Suppose o*h = 611*h + 3624. What is the units digit of h?
4
Let d = 61 - 101. Let y be (-1)/(-4) - 31590/d. Suppose -10*p = -5*p - y. What is the tens digit of p?
5
Let n(f) = 58*f - 97. Suppose -6*g + 4 = -5*g - c, -5*c = -2*g + 5. What is the hundreds digit of n(g)?
1
Let s be 13/(-104) - (-1839)/(-8). Let y = 360 + s. What is the units digit of y?
0
Let f(h) = -h**2 - 4*h + 10. Let m be (12/72)/((-1)/10)*3. Let i be f(m). Suppose -c = 0, -i*g + 4*c + 1285 = -0*c. What is the hundreds digit of g?
2
Let w = 22937 + 9409. What is the thousands digit of w?
2
What is the units digit of (2535/26)/(-15)*-846?
9
Suppose -2*k = -i - 1579, 4*i - 2*i = -2. Let x = k + -361. What is the tens digit of x?
2
Let f = -14 - -8. Let q be (-2 - f)*1/2. Suppose q*y + 6 - 202 = 0. What is the tens digit of y?
9
Let w = -13 + 17. Suppose 59 = w*y - 5*y. Let g = -30 - y. What is the tens digit of g?
2
Suppose 1153175 = 28*m - 3*m. What is the hundreds digit of m?
1
Suppose -76*u - 32 = -29*u + 15. Let v(f) = 2*f**2 - f - 3 - 3*f - 87*f**3 + 2*f. What is the units digit of v(u)?
8
Suppose -3*x = 4*z + 967, -6*z + 2*z - 973 = x. Let r = z - -514. Let w = r + -34. What is the hundreds digit of w?
2
Suppose -5*g - 10 = 0, 21469 = 5*k - 40*g + 43*g. What is the tens digit of k?
9
Let w(l) = 23*l**2 + 785*l - 11. What is the tens digit of w(8)?
4
Let f(m) = -m**2 + 7*m + 7. Let b be f(5). Let p(k) = -7*k**2 + 10*k - 54. Let a(x) = -6*x**2 - 4*x. Let l(g) = a(g) - p(g). What is the hundreds digit of l(b)?
1
Let c = 36 - 20. Suppose 0 = p + c*p - 3655. What is the units digit of p?
5
Let q(x) = 6*x**3 + 3*x**2 - x + 14. Let h be q(-4). Let m = 566 + h. What is the units digit of m?